s 6 a factor of i?
True
Suppose 2*p - p = 9. Suppose 3*x = u + p + 8, 5*u = 20. Let o(k) = 2*k. Is o(x) a multiple of 14?
True
Suppose m = 4 - 2. Suppose -5*l + 206 = 3*h, -m*h + 136 = -0*h + 3*l. Is 11 a factor of h?
False
Let s = -60 + 160. Is s a multiple of 10?
True
Let y(h) = h**2 + 6*h + 4. Let n be y(-6). Suppose 14 - 6 = -2*t, n*v + 5*t = 60. Is 20 a factor of v?
True
Let h(p) be the second derivative of p**5/20 + 3*p**4/4 + 7*p**3/6 - 4*p**2 - 2*p. Let a be h(-8). Is 8 a factor of 1*16 + 1 + a?
False
Suppose -5*y + 6 + 4 = 0. Does 9 divide (-2)/(-2)*(y + 17)?
False
Let t(g) = -5*g**3 + g**2. Let n be t(1). Is 5 a factor of ((-10)/1)/(n/6)?
True
Let s be 2*(-18)/((-9)/(-3)). Let c = s + 27. Is c a multiple of 15?
True
Suppose 2*x = -2*y + 8, -3*y - 2 = -2*x - 19. Suppose y*k = 174 + 46. Is 20 a factor of k?
False
Let o = -9 - -14. Let z = o - -1. Does 3 divide z?
True
Let p(t) = -2 + 2 + t**2 + t**3 - t. Let l be p(1). Does 10 divide (2/2 - -27)*l?
False
Let y(f) = -f + 1. Let p be y(-1). Suppose 0 = 7*v - 3*v + p*q - 388, 2*v = -3*q + 202. Suppose -2*a = 4*s - 4*a - 78, -5*a = -5*s + v. Is s a multiple of 10?
True
Suppose -i = -0*i - 3*u - 64, -2*i = -2*u - 128. Is 16 a factor of i?
True
Suppose 3*n + n + 8 = 0. Let u be 21 - (-2 - n/(-2)). Let a = u - 11. Is 6 a factor of a?
False
Suppose -l = -4*y + 286 + 161, -5*l = -y + 107. Is y a multiple of 16?
True
Suppose 2*r + 13 = 3*r. Does 8 divide r/1 + 2 + -4?
False
Suppose -s - 3 = 0, -a + 2*s = -2*s - 210. Does 12 divide a?
False
Let r(n) = -n**3 + 6*n**2 - 2*n + 9. Let v be r(6). Let z be (-42)/7*1/v. Let m = z + 24. Is m a multiple of 13?
True
Let m(v) = 5*v**2 - v - 3. Is 11 a factor of m(-4)?
False
Let q(h) be the third derivative of h**5/60 - h**4/12 - h**3 + 3*h**2. Let i be q(-4). Suppose -4 - i = -2*a. Is 3 a factor of a?
False
Let l(z) = 26*z - 6 + z**2 - 26*z. Is l(6) a multiple of 13?
False
Suppose 0 = 4*i + 5*l + 2, 8 = i - 0*i - 3*l. Suppose 0 = -i*w + 4*m - m + 31, 4*w - 22 = -2*m. Is 3 a factor of w?
False
Let d(x) = -x + 13. Does 5 divide d(5)?
False
Suppose -5*l - 36 = -3*l. Let d be 4/(-18) - (-68)/l. Is 2 a factor of 2 - ((-4)/(-2) + d)?
True
Suppose 4*j - 2 = c + 18, 3*j + 8 = -5*c. Let p(m) = m**2 + 2*m + 2. Does 11 divide p(j)?
False
Suppose 2*t + 3*t + 40 = 5*h, -5*h = t - 28. Let n be (0 - 2) + h + 2. Is 2 a factor of 20/n - (-3)/(-9)?
False
Suppose 3*q + 9 = -0, -5*z + 2*q = -156. Is z a multiple of 9?
False
Let z(y) = 8*y**2 + 8*y + 48. Does 16 divide z(-6)?
True
Suppose -228 = 4*b - 8*b. Is 24 a factor of b?
False
Let j(c) = -c**2 - 8*c - 7. Let k be j(-6). Suppose w = 6*w + 3*v - 16, 0 = -4*w + k*v + 35. Does 2 divide w?
False
Let f(q) = q**2 + 16*q + 48. Does 7 divide f(-18)?
True
Suppose 0 = 5*u + 2 - 12. Let q(r) = 31*r**u + 0 + 0*r + 2*r - 4*r - 1. Does 16 divide q(-1)?
True
Let c(v) be the third derivative of v**8/5040 + v**7/1680 - v**6/720 - v**5/60 + v**2. Let d(s) be the third derivative of c(s). Does 20 divide d(-4)?
False
Let g(o) = o**3 + 8*o**2 + 8*o + 8. Let d be g(-7). Is (-35)/((0 + -1)*d) a multiple of 9?
False
Let c = -5 + 7. Let u(i) = -i**3 + 3*i**2 - 2*i. Let a be u(c). Suppose n + 2*o + 10 = 5*n, a = o - 1. Does 2 divide n?
False
Let m(b) = -b**2 - 4*b - 1. Let q be m(-4). Let o be q/1*(-14)/2. Let a(s) = s**2 - 3*s - 7. Is a(o) a multiple of 9?
False
Let w = -10 - -16. Let t be ((-20)/w - -3)*-12. Suppose 0*u = -3*u - 3*q + 36, t*u + 5*q = 46. Is u a multiple of 14?
True
Let o(u) = u**3 + 5*u**2 - 5*u + 6. Let r be o(-6). Suppose r = 7*f - 2*f + 90. Let q = -8 - f. Is 6 a factor of q?
False
Let i be -3 - (2 - 3) - -31. Let c = 56 - 43. Let y = i - c. Is 8 a factor of y?
True
Let r(m) = -2*m**2 - 4*m + 1. Suppose 3*d + 18 = 5*l, 0*d - 2*d - 12 = l. Let h be r(d). Let c = 2 - h. Does 17 divide c?
False
Suppose -5 + 329 = 4*f. Suppose b - f = -2*b. Does 27 divide b?
True
Let g = 13 - 4. Let n be (-2)/(-3) + (-42)/g. Let q = 1 - n. Is q a multiple of 5?
True
Suppose 80 = 4*x + 24. Is x a multiple of 8?
False
Suppose 3*g - 6*g - 9 = 0. Let f be 204/(g + 1)*-1. Suppose -f - 17 = -4*h + t, -4*h + 4*t + 116 = 0. Is 15 a factor of h?
True
Let u be (-10 + 4)/(6/(-4)). Let k = -1 + u. Suppose -q - 3*q + 115 = k*h, 0 = -q + 4. Is 12 a factor of h?
False
Let b(j) = 2*j**2 - 3*j - 3. Let w be b(3). Suppose -5*x = -4*x - 16. Suppose -r = -w - x. Does 11 divide r?
True
Suppose 4*d + 2*o = 138, -4*d + o + 135 = 4*o. Is d a multiple of 18?
True
Suppose -5*m + 5*l = -985, -4*m - 4*l = -6*l - 792. Is m a multiple of 12?
False
Let r(l) = 0*l**2 + 0*l**2 + 6 + 7*l - l**2. Let h be r(6). Let d = h + -2. Is d a multiple of 5?
True
Let d be (-1 + -2)/((-9)/6). Suppose -5*z - 4*o + 22 = -d*z, 2*z - 8 = 4*o. Let c(k) = -k**3 + 7*k**2 - 3*k - 3. Is c(z) a multiple of 5?
True
Is (0 - 1*-88) + -1 a multiple of 29?
True
Let o(j) be the first derivative of -17*j**2/2 - 2*j - 2. Let g be o(-4). Let s = g + -36. Does 11 divide s?
False
Let u be 1/(-1) - 2/(-2). Let h = -2 + 6. Let o = h + u. Is 3 a factor of o?
False
Suppose 4*l - 51 + 259 = 0. Let j = l - -85. Is j a multiple of 11?
True
Suppose 4*b = -2*l + 2, 2*l - 20 = 5*b - 0*b. Suppose 0 = -l*f + f + 272. Suppose 0 = 5*i + 4*p - 14 - f, -3*i + 2*p + 36 = 0. Does 7 divide i?
True
Suppose 2*z + 0*t = 3*t + 4, 8 = 4*z - t. Is 129/12 - z/(-8) a multiple of 6?
False
Let u be 160/(-3)*(-48)/40. Suppose -4*f + 48 = -u. Is 14 a factor of f?
True
Let b(y) = -59*y**3 + 2*y**2 + 5*y - 7. Let c(f) = 88*f**3 - 3*f**2 - 7*f + 10. Let x be (-54)/8 - 1/4. Let o(l) = x*b(l) - 5*c(l). Is 10 a factor of o(-1)?
False
Let u(o) = 6*o**2 + 4. Is 29 a factor of u(-3)?
True
Suppose -3*k + 2*u + 576 = 5*u, -5*k - 4*u + 958 = 0. Does 13 divide k?
False
Let y = -33 + 19. Let o be 4/y + (-176)/(-28). Suppose 9 = -4*a - 2*s + 61, a - 3*s = o. Is 9 a factor of a?
False
Suppose -1 = -r - 0*r. Let d = r - 0. Is d/(2/(-20)*-2) a multiple of 4?
False
Suppose 13 = -5*q + 3, 0 = -4*y - 5*q + 10. Suppose 432 - 137 = y*c. Let o = c - 25. Does 17 divide o?
True
Let h(p) = -p**2 + 6*p - 4. Let a be h(4). Suppose -a = -v + 15. Does 6 divide v?
False
Suppose 29 + 6 = -5*x. Let k(o) = -2*o + 7. Does 7 divide k(x)?
True
Let g = 21 - 36. Let k = -21 - g. Is 4 a factor of 16/k*(-11 + 8)?
True
Suppose 4*q - 47 = -x, -3*q = -4*x + 281 - 17. Is x a multiple of 31?
False
Let a = -10 - -17. Is 4 a factor of a?
False
Suppose 2*a - 192 = -2*j, 3*a - 304 = j - 0*j. Is a a multiple of 25?
True
Is (-350)/(-4) - (-1)/2 a multiple of 22?
True
Let w(s) = 25*s + 11. Let c be w(-8). Let h = 281 + c. Suppose -h - 58 = -4*z + 2*u, -3*z = 5*u - 93. Does 18 divide z?
True
Let h(t) = 2*t. Let r be h(2). Suppose 0*i - 4*i - 4*c - 4 = 0, r*i = 3*c + 17. Suppose -44 = -4*f - p, i*f - 5*p - 4 = -p. Is 5 a factor of f?
True
Suppose 5 = u + 2. Suppose -2*a + 2*g - 108 = -u*a, 0 = -2*g. Let d = a - 66. Is d a multiple of 20?
False
Suppose y = 3*y - 34. Is y a multiple of 17?
True
Suppose -o + 5 = 3. Let y(f) = f**2 - f - 2. Let q be y(o). Suppose q*l + 4*l - 16 = 0. Is l even?
True
Let c = 254 - 140. Is c a multiple of 24?
False
Let p be (0 - (-18)/2)*1. Let d be (3/p)/((-2)/(-30)). Suppose r + 5 + 7 = -3*v, -d*r = -2*v - 25. Does 3 divide r?
True
Let r be -118*(-1)/(2/(-1)). Let a = 86 + r. Is 13 a factor of a?
False
Is 14 a factor of 1 + -2 + (-6 - -133)?
True
Suppose 17*b - 265 = 12*b. Is b a multiple of 19?
False
Suppose 19 = 4*x - m, -14 - 4 = -4*x + 2*m. Suppose x*j - 3*b + 8*b - 60 = 0, j = 5*b + 6. Does 5 divide j?
False
Suppose a - l - 17 = 1, -16 = -2*a - 2*l. Suppose 5*z = 0, -z - a = -j - 4*z. Is j a multiple of 13?
True
Suppose 0 = 5*b - 23 - 12. Let l = b - 12. Is 11 a factor of (-1)/l - 108/(-10)?
True
Let z(l) be the third derivative of l**5/60 + l**4/4 - l**3/2 + 2*l**2. Let b be z(-6). Let u(y) = -2*y + 2. Does 4 divide u(b)?
True
Let a = -7 + 36. Does 11 divide a?
False
Let v(c) = 2*c**2 - 2*c + 4. Is 8 a factor of v(3)?
True
Let q = 82 + -32. Suppose 0 = 2*t - 0*t + 3*b - q, 4*t - 56 = 5*b. Does 19 divide t?
True
Suppose -3*c - 30 = -l, 2*c = 3*c + 4*l + 10. Let d = 15 + c. Suppose d*j - 80 = 25. Is 8 a factor of j?
False
Suppose -38 = -2*a - 5*u, 3*u = -4*a + u + 44. Is 25 - (a/(-3) - -2) a multiple of 15?
False
Let g = 510 - 266. Is 32 a factor of g?
False
Le